emainder when z is divided by d?
9
Suppose 4*k = 3*o + 72, 3*k + 0*o - 2*o - 55 = 0. What is the remainder when 228 is divided by k?
18
Let y(s) = -s**2 - 2. Let m be y(0). Calculate the remainder when 62/6 + m/6 is divided by (6/(-10))/((-5)/50).
4
Let j = 0 + 14. Let o = j - 9. What is the remainder when 29 is divided by o?
4
Let g = 431 - 360. Let p = 8 - 6. Calculate the remainder when g is divided by (2/(-4))/(p/(-96)).
23
Let c = 252 + -244. Calculate the remainder when 39 is divided by c.
7
Let z be ((-1)/(-1))/(-6 + 2452/408). Suppose -2*m - 4*k + 44 = 0, 0 = -m + 5*m + k - z. What is the remainder when m is divided by 17?
9
Let o(a) = 7*a + 8*a - a**2 + 1 - 3*a - 2*a. Let y(p) = -p**2 + 9*p - 9. Let k be y(6). Calculate the remainder when 57 is divided by o(k).
7
Calculate the remainder when (-20 - 3)*(-3)/1 is divided by (-2 - (3 - 1)) + 16.
9
Let f(k) = k**2 + 5*k + 4. Let r be f(-5). Suppose 0 = g - 2*z - 81, 5*z = g + r*g - 400. Calculate the remainder when g is divided by 16.
15
Suppose -102 = -8*a + 5*a. Let d be (2/3)/((-3)/(297/(-6))). What is the remainder when a is divided by d + 2 + (-4 - -3)?
10
Suppose v = 4*z - 18, -z - 1 + 3 = v. Let c(r) = -r**2 - 8*r + 12. Let w be c(-9). Suppose -w*t = 2*t - 15. Calculate the remainder when z is divided by t.
1
Let f be (-24)/30*(-155)/2. Suppose 3*d = 4*a - 2*a - f, 130 = 4*a - 3*d. Let j(p) = 8*p**2 + 2*p - 1. Calculate the remainder when a is divided by j(1).
7
Let n = 560 + -325. Let g = 339 - n. Calculate the remainder when g is divided by 21.
20
Let u(m) = 2*m**2 - 14*m - 77. Calculate the remainder when u(-7) is divided by 29.
3
Let j(m) = 71 + 2*m + 4*m - 2*m**2 - 4*m. Calculate the remainder when j(0) is divided by 2 + (2 - 0) + 14.
17
Let i = 80 - -94. Calculate the remainder when i is divided by 30.
24
Suppose -3*x - 51 - 39 = 0. Let f = 5 - x. What is the remainder when f is divided by 9?
8
Suppose -r + 111 - 13 = 0. Let u be 6/7*r/28. Suppose 0 = m + 4, -5*z + m = u*m - 337. What is the remainder when z is divided by 24?
21
Let i be (-495)/(-20) - 3/(-12). What is the remainder when (105/i)/((-2)/(-10)) is divided by 14?
7
Let g(c) = 61*c**2. Suppose f - 5*f = -x + 36, -3*x + f = -53. What is the remainder when g(-1) is divided by x?
13
Suppose 40*u - 38*u - 14 = 0. Suppose u*o = o + 6. Calculate the remainder when o is divided by 1.
0
Let w = 15 - 15. Let b = w + -8. Calculate the remainder when 4 is divided by 0 + 1/((-4)/b).
0
What is the remainder when (-5)/(-7)*58 + 64/112 is divided by 3?
0
Suppose 4*y = 5*i + 62, -4*y - i + 24 + 50 = 0. Calculate the remainder when 4/(-18) - (-1120)/y is divided by 16.
14
Suppose -2*w + 10 = 4*l - 0*w, -3*l - 5*w + 11 = 0. Suppose -7*k + 17 = -4*k + h, -4*k + 12 = -4*h. What is the remainder when k is divided by 5*3/(15/l)?
1
Calculate the remainder when (3 + 47 - -2) + (3 - 2) is divided by 9.
8
Suppose 0 = -s - 10*q + 12*q + 83, -2*s = -5*q - 165. What is the remainder when s is divided by 11?
8
Suppose 2*q - 4*q = -3*l + 41, 3*l + q = 38. Suppose l*u = 10*u + 63. Calculate the remainder when 29 is divided by u.
8
Let k = -61 - -125. Let l be (-1)/3 - ((-224)/(-12) - -7). Let g = k + l. Calculate the remainder when g is divided by 20.
18
Let q(w) = w + 12. Let a be q(-9). Let o(x) = 21*x - 3. Calculate the remainder when o(a) is divided by 17 + (96/(-4))/(-6).
18
Suppose 93 - 17 = 4*c. Let a(p) = p + 39. Calculate the remainder when a(c) is divided by 12.
10
Suppose -10*z = -5*z. Suppose -450 = 4*n - 8*n + 2*a, z = -n + a + 112. Calculate the remainder when n is divided by 29.
26
Let m be (8/(-6))/((-1)/(-6)). Let o(v) be the third derivative of -v**4/24 + 2*v**3/3 + 2*v**2. What is the remainder when o(m) is divided by 7?
5
Suppose -4*k + 0*v + 1336 = -2*v, -3*v + 1316 = 4*k. Let h = k - 328. What is the remainder when h is divided by (-2)/(-9) + 50/18?
1
Suppose 4*j = -4*r - 12, 9 - 1 = -r - 2*j. Suppose 2*l = -5*k + 83, 2*l - 133 = -r*l + k. Calculate the remainder when 169 is divided by l.
33
Let z(u) = 2*u + 3. Let i be z(8). Suppose 2*x = i + 23. What is the remainder when 61 is divided by x?
19
Suppose -147 = 11*g - 26. Let z(d) = -7*d + d + 13 + 2*d. Calculate the remainder when z(g) is divided by 15.
12
Suppose 1378 = 29*q + 24*q. Let g = 36 + -20. Calculate the remainder when q is divided by g.
10
Suppose 58*m = 59*m - 24. What is the remainder when 111 is divided by m?
15
Suppose 10 = 3*c - 95. Let p = 198 + -177. Calculate the remainder when 10/c - (-813)/p is divided by 10.
9
Let x(i) be the second derivative of -i**4/12 + 5*i**3/3 - 15*i**2/2 + 24*i. What is the remainder when 25 is divided by x(6)?
7
Suppose 3*a - 52 = -a. Let m = 65 + -62. Suppose -m*f - 111 + 19 = -2*l, 0 = 4*l - 5*f - 186. What is the remainder when l is divided by a?
10
Let g = 16 - -15. Suppose -4*u + g = -113. Calculate the remainder when u is divided by 21.
15
Suppose -c + 4*m + 71 = 0, -57 - 14 = -c - 4*m. What is the remainder when c is divided by 40?
31
What is the remainder when 255 is divided by (-11)/(132/16) - (-1468)/12?
13
Let b(w) be the third derivative of -w**5/60 + 5*w**4/8 - 17*w**3/6 + 16*w**2. Calculate the remainder when b(12) is divided by 12.
7
What is the remainder when -25 + 24 - (-3 - 410) is divided by 59?
58
Let d(w) = -10*w**3 + 4*w**2 + w - 1. Calculate the remainder when d(-1) is divided by 3.
0
Let h(g) = -g - 15. Let a be h(-19). Suppose 2*t = -2*n - 2*t - 10, 3 = 5*n - a*t. Calculate the remainder when 42 is divided by (0 + n)*(-3 - 6).
6
Let c = 1722 + -1675. What is the remainder when 160 is divided by c?
19
Let y(d) be the third derivative of 29*d**4/24 - d**2. Let s = -162 - -173. What is the remainder when y(1) is divided by s?
7
Let t = 151 + 72. Let i be 19/57 - t/3. Let m = 140 + i. What is the remainder when m is divided by 17?
15
Let c(u) = -14*u**3 + 3*u + 37 - 15 + u - 19 + 4*u**2. Calculate the remainder when c(-2) is divided by 18.
15
Let m = 1627 - 1034. What is the remainder when m is divided by 86?
77
What is the remainder when 960 is divided by (321/6)/(46/92)?
104
Suppose -3*u - 76 - 134 = -3*v, 4*v = 3*u + 277. Let f = -103 + v. Let n = 59 + f. What is the remainder when n is divided by 6?
5
Let i be (-14)/6*4/(-28)*507. Let p = i + -158. Calculate the remainder when 18 is divided by p.
7
Let w = -22 - -19. Calculate the remainder when 47 is divided by (w - 0 - 0)*(-16)/3.
15
Suppose 5*h = -2*r + 5*r + 172, -r = -h + 36. What is the remainder when 39 is divided by h?
7
Let k(q) = q + 1. Let s be (-9)/(45/(-12) + 3). What is the remainder when 24 is divided by k(s)?
11
Calculate the remainder when 153/(-102) - 542/(-4) is divided by 48.
38
Let c = -104 + 115. Calculate the remainder when 55 is divided by c.
0
Let u(l) = l**2 + 9*l - 22. Let o be u(-11). Suppose 2*w + 3*w - 105 = o. What is the remainder when w is divided by 12?
9
Let a(j) be the third derivative of j**4/2 + 11*j**3/6 + 3*j**2. Calculate the remainder when 92 is divided by a(3).
45
Suppose -37*z + 39*z = -18. Let f = z + 23. Let b(y) = -y**2 + 15*y - 8. What is the remainder when 23 is divided by b(f)?
5
Let s = -32 - -36. Suppose s*j = u, 2*j = j + 3. What is the remainder when 47 is divided by u?
11
What is the remainder when (31 - 1)*3162/612 is divided by 53?
49
Let q be (6/(-4))/(156/(-16) - -9). Suppose -o - 159 + 44 = -2*u, q*u - 95 = -3*o. Calculate the remainder when u is divided by 29.
26
Let b = 2698 - 2695. Suppose 5*p - 24 = 2*p. Calculate the remainder when p is divided by b.
2
Suppose -130 = -5*b - 6*r + 5*r, 5*b - 115 = 2*r. Calculate the remainder when 572 is divided by b.
22
Suppose 3 + 3 = 2*v. Suppose -n - 22 = -v*w + n, w - 3*n = 12. Suppose -4*p - 68 = -4*o - 0*p, 2*o + 5*p = 27. What is the remainder when o is divided by w?
4
Suppose 7*z = -759 + 2131. Let o = z + -117. What is the remainder when o is divided by (-109)/(-4) + 2/(-8)?
25
Suppose -6 = 4*j - 5*j. Suppose -t = i - 6*t + j, -i = -4*t + 8. Let q = 28 + i. Calculate the remainder when 46 is divided by q.
10
Let a(y) = y**2 + 5*y + 4. Suppose 82 + 68 = 3*l. Suppose k + 17 - l = 0. What is the remainder when k is divided by a(-7)?
15
Let h(c) = -c**3 - 2*c**2 + 7*c - 5. Let p be h(4). Let i = -55 - p. Calculate the remainder when 69 is divid